{"id":21,"date":"2023-02-03T16:13:49","date_gmt":"2023-02-03T21:13:49","guid":{"rendered":"https:\/\/www.helphopehere.com\/revive\/?page_id=21"},"modified":"2026-03-08T21:00:58","modified_gmt":"2026-03-09T01:00:58","slug":"biografia","status":"publish","type":"page","link":"https:\/\/www.helphopehere.com\/revive\/raleigh\/biografia\/","title":{"rendered":"Acerca de"},"content":{"rendered":"<p>Todos tenemos problemas. Eso es un hecho de la vida. Lo que hacemos y c\u00f3mo enfrentamos a los desaf\u00edos principales de la vida determinar\u00e1 el nivel de crecimiento que vamos a experimentar. Afortunadamente, hay ayuda.<\/p>\n<p>REVIVE! es una campa\u00f1a de una semana donde se presenta la biblia en una manera pr\u00e1ctica. Hablamos de los problemas m\u00e1s comunes que las personas tienen y c\u00f3mo la gracia de Dios los impacta en una manera positiva. Usted no est\u00e1 solo. \u00danase a nosotros.<\/p>\n<hr style=\"width: 90%; text-align: center; margin: 0 auto; margin-bottom: 20px;\" \/>\n<p><img loading=\"lazy\" decoding=\"async\" class=\"alignright size-medium wp-image-8\" src=\"https:\/\/www.helphopehere.com\/revive\/files\/2023\/02\/RogerHernandez_2021-300x200.jpg\" alt=\"Roger Webpage Photo\" width=\"300\" height=\"200\" style=\"margin-bottom:20px;\" \/>Roger Hern\u00e1ndez es un orador motivacional que ha viajado y predicado en todo el mundo. Es conocido por su habilidad de presentar la palabra de Dios con un estilo claro, sencillo y atractivo. Tiene el don de convertir verdades bi\u0301blicas en aplicaciones pra\u0301cticas para hoy en di\u0301a. E\u0301l es el autor de mas de 30 libros, el ma\u0301s reciente es \u201cPadres Geniales\u201d, publicado en 2024. La familia de Roger incluye a su esposa, Kathy, y sus cuatro hijos Yessenia, Deisy, Vanessa, Jonathan, y seis nietos, Sara, Maya, Aida, Ismari, Yumi y Amari.<\/p>\n","protected":false},"excerpt":{"rendered":"<p>Todos tenemos problemas. Eso es un hecho de la vida. Lo que hacemos y c\u00f3mo enfrentamos a los desaf\u00edos principales de la vida determinar\u00e1 el nivel de crecimiento que vamos a experimentar. Afortunadamente, hay ayuda. REVIVE! es una campa\u00f1a de una semana donde se presenta la biblia en una manera pr\u00e1ctica. Hablamos de los problemas &#8230; <a title=\"Acerca de\" class=\"read-more\" href=\"https:\/\/www.helphopehere.com\/revive\/raleigh\/biografia\/\" aria-label=\"Read more about Acerca de\">Read more<\/a><\/p>\n","protected":false},"author":4,"featured_media":0,"parent":2,"menu_order":0,"comment_status":"closed","ping_status":"closed","template":"","meta":{"footnotes":""},"class_list":["post-21","page","type-page","status-publish"],"_links":{"self":[{"href":"https:\/\/www.helphopehere.com\/revive\/wp-json\/wp\/v2\/pages\/21","targetHints":{"allow":["GET"]}}],"collection":[{"href":"https:\/\/www.helphopehere.com\/revive\/wp-json\/wp\/v2\/pages"}],"about":[{"href":"https:\/\/www.helphopehere.com\/revive\/wp-json\/wp\/v2\/types\/page"}],"author":[{"embeddable":true,"href":"https:\/\/www.helphopehere.com\/revive\/wp-json\/wp\/v2\/users\/4"}],"replies":[{"embeddable":true,"href":"https:\/\/www.helphopehere.com\/revive\/wp-json\/wp\/v2\/comments?post=21"}],"version-history":[{"count":10,"href":"https:\/\/www.helphopehere.com\/revive\/wp-json\/wp\/v2\/pages\/21\/revisions"}],"predecessor-version":[{"id":386,"href":"https:\/\/www.helphopehere.com\/revive\/wp-json\/wp\/v2\/pages\/21\/revisions\/386"}],"up":[{"embeddable":true,"href":"https:\/\/www.helphopehere.com\/revive\/wp-json\/wp\/v2\/pages\/2"}],"wp:attachment":[{"href":"https:\/\/www.helphopehere.com\/revive\/wp-json\/wp\/v2\/media?parent=21"}],"curies":[{"name":"wp","href":"https:\/\/api.w.org\/{rel}","templated":true}]}}